tors of d(g).
3, 11
Suppose -20*x + 34837 = 8237. List the prime factors of x.
2, 5, 7, 19
Let a = 2 - -10. Suppose -17*q = -14*q - a. Suppose 9*t = q*t + 5*g + 65, t - 3*g = 3. List the prime factors of t.
2, 3
Suppose -i + 12 = 4*a, 4*i + a + 31 = 109. Suppose 0 = -3*k + i + 1. What are the prime factors of k/(-35) - (-21)/5?
2
Let q(c) = -26*c**3 + 4*c**2 - 6*c - 12. What are the prime factors of q(-2)?
2, 7
Let y be ((-1 - -2) + -1)/(-2). Suppose -3*d - h + 2*h + 37 = y, 0 = -2*h - 2. Let f = -5 + d. List the prime factors of f.
7
Suppose -h - 23 + 106 = 0. What are the prime factors of h?
83
Let w = 85 + -98. Let x = 41 + w. What are the prime factors of x?
2, 7
Let s = -763 + 2194. Suppose 276 = -15*r + s. What are the prime factors of r?
7, 11
Let z(m) = 298*m - 39. What are the prime factors of z(3)?
3, 5, 19
Let s(r) = -r**3 + 2*r**2 + 2*r + 10. Let l(b) = -b**3 + b**2 + 2*b + 9. Let w(c) = 3*l(c) - 2*s(c). List the prime factors of w(0).
7
Let n(j) be the third derivative of j**6/60 - j**5/12 - 3*j**4/8 + j**3/3 - 36*j**2. List the prime factors of n(5).
2, 41
Let t = -75 - -254. What are the prime factors of t?
179
Let j = -36 - -116. Let a = j + -50. List the prime factors of a.
2, 3, 5
Let c(u) = 86*u**3 - 11*u**2 + 6*u - 5. What are the prime factors of c(2)?
3, 7, 31
Let x be 1/(1/(-23)) - -3. Let h = x + 32. What are the prime factors of h/16 + (-267)/(-12)?
23
Suppose -5*w - 5*b + 9125 = 0, -5*w + 7300 = -w - 4*b. What are the prime factors of w?
5, 73
Let v be 4 + (-3 - -27)/(-4). Let h(d) = 7*d**2 + d. List the prime factors of h(v).
2, 13
Let z = 448 - -4080. List the prime factors of z.
2, 283
Suppose -4*b + 10 = b. Suppose b*f = u - 0 + 8, 5*u - 2*f = 0. Suppose s = -5*w + 18, 0 = 5*w + 4*s - 25 - u. List the prime factors of w.
3
Let r be (-12464)/104 - 4/26. Let a = r + 358. What are the prime factors of a?
2, 7, 17
Let r = -43 - -30. Let j = -8 - r. Let c = j - -3. List the prime factors of c.
2
Let c = -26 + 28. Suppose c*r - 15 = -5, -5*r + 122 = l. What are the prime factors of l?
97
Let v(i) be the second derivative of -i**5/20 - i**3/6 - 11*i. Let p(z) = -5*z**2 - 10*z - 8. Let y(x) = p(x) - v(x). List the prime factors of y(7).
3
Let k(m) = -2*m**3 + 16*m**2 - 2*m + 1. Let j be k(6). Suppose -j = -5*f + 72. What are the prime factors of f?
41
Let v = -227 - -417. List the prime factors of v.
2, 5, 19
Let v(l) = 20*l**2 - 2*l + 5. Let n be v(3). Suppose 3*p = n + 109. What are the prime factors of 46/16 - (-12)/p?
3
Suppose -13*m = -7*m + 1470. Let p = m - -346. List the prime factors of p.
101
Let m(t) = -t + 6. Let g be m(11). Let z(y) be the second derivative of y**4/12 - y**3/3 - y**2 + 3*y. What are the prime factors of z(g)?
3, 11
Suppose 4 - 15 = n - 5*u, 5*n = u - 31. Let i be 6/3 + 15 + 3. Let y = n + i. What are the prime factors of y?
2, 7
Let j(z) = -3*z + 89. List the prime factors of j(18).
5, 7
Suppose q - 3*k - 281 = 5*q, 5*k - 76 = q. Let n = q - -127. List the prime factors of n.
2, 7
Let y(d) = 107*d + 23. Suppose 5*b = -105 + 115. List the prime factors of y(b).
3, 79
Suppose -4*b = 8, -5*b + 10*b = -a + 795. What are the prime factors of a?
5, 7, 23
Suppose -9*x = -4*x - 20. Let w = 4 + -2. Suppose x*f = w*f + 30. What are the prime factors of f?
3, 5
Let t be 112/(-6) - 2/(-3). Let k be (-27)/(-6)*(-8)/t. Suppose -4*c + k*c = -16. List the prime factors of c.
2
Let k(n) be the second derivative of 23*n**3/3 + 3*n**2/2 + 10*n. What are the prime factors of k(2)?
5, 19
Let x(u) be the second derivative of u**4/12 - u**3/6 - u**2 + 11*u. Let q be x(-2). Suppose l = 61 - q. List the prime factors of l.
3, 19
Suppose -104*b + 121*b - 16303 = 0. List the prime factors of b.
7, 137
Let h(c) = -c**3 + 74*c**2 - 13*c - 79. List the prime factors of h(73).
11, 17, 23
Let i(c) = 2*c**3 + c - 1. Let w be i(1). Suppose -72 = -w*b - 0*b. List the prime factors of b.
2, 3
Let r(m) = -m + 17. Let x be r(17). Let k = x + 0. What are the prime factors of 1/2*(k + 166)?
83
Let m be 1/(1 + 46/(-45)). Let v be -6 + 5 + 71 - 2. Let u = m + v. What are the prime factors of u?
23
Let g(d) = 3*d + 10. Let q be g(-3). Suppose 4*h + 11 = -q, 3*c + 2*h - 255 = 0. List the prime factors of c.
3, 29
Let l(s) = s - 14. Let y be 32/(-3)*9/(-6). Let g be l(y). Suppose -g*r + 23 - 5 = 0. What are the prime factors of r?
3
Suppose 52618 + 1366 = 56*c. What are the prime factors of c?
2, 241
Suppose -39*p + 31*p + 25752 = 0. What are the prime factors of p?
3, 29, 37
Suppose 0 = -q - 9 + 2. Let h = 9 + q. Suppose f = a - 3, -h = 3*a + f - 19. List the prime factors of a.
5
Let j = -3 - -3. Let q = j - -3. Suppose q*l - 30 = l. What are the prime factors of l?
3, 5
Let o = 17 + -11. Suppose t + o + 4 = 0. What are the prime factors of (-22)/(-55) + (-86)/t?
3
Let k = 10 - -708. What are the prime factors of k?
2, 359
Suppose -2*u + 121 = -43. Let v = 20 + u. What are the prime factors of v?
2, 3, 17
Let y be 4/10 - (-1992)/20. Suppose -a = -4*n - 48, a - 3*a + y = -4*n. List the prime factors of a.
2, 13
Let c(p) = -23*p + 1. Suppose 0 = -11*j + 6*j + 2*v - 23, -5*j + 5*v = 35. What are the prime factors of c(j)?
2, 5, 7
Suppose 2*u - 5938 = -4*a + u, 4*a = 4*u + 5948. Suppose -10*l + a = l. List the prime factors of l.
3, 5
Suppose 0 = 14*j - 7*j - 91. What are the prime factors of (142/(-5))/(j/(-65))?
2, 71
Let d = 767 + -454. List the prime factors of d.
313
What are the prime factors of ((-20)/3)/(122/(-27633))?
2, 5, 151
Suppose 83 = -3*i - 5*f, 6 - 62 = i - 4*f. Let a = 59 + i. Suppose 0 = 2*p - p - a. What are the prime factors of p?
23
Suppose -5*r = 2*i - 65, -3*r - 2*r + 5 = 0. What are the prime factors of 0/(-1) - (-2 - i)?
2
Suppose 0 = -5*o + l + l + 23, o = 2*l + 11. Suppose -o*i = -7*i + 8. Suppose 5*b + i*y = 181 - 15, -3*y = b - 28. What are the prime factors of b?
2, 17
Let a(n) = n**3 - 5*n**2 - 5*n - 3. Let d be a(6). What are the prime factors of (-8)/d*165/(-20)?
2, 11
Let z(l) = 5*l**2 + 9*l - 8. List the prime factors of z(-7).
2, 3, 29
Let s = 1 - -33. Let v = 2 - -1. Suppose s = -v*r + 5*r. List the prime factors of r.
17
Suppose 3*z - j - 4 = 2, 4*z + j - 8 = 0. Suppose -z = 2*i - 12. Suppose c - 4*r = -c + 8, -c + i*r = -4. List the prime factors of c.
2
Let d = 20 - 14. Let u be (-2)/(-9) - 434/9. What are the prime factors of d/(-8) + (-1044)/u?
3, 7
List the prime factors of 60/36*568/(-10)*-6.
2, 71
Suppose -1 = w, 3*w + 425 = 4*h - 2*h. List the prime factors of h.
211
Let j(c) = -16*c - 114. List the prime factors of j(-30).
2, 3, 61
Let k = -182 - -497. Suppose -b + 4*o + o + 105 = 0, 3*b + 4*o - k = 0. What are the prime factors of b?
3, 5, 7
Let p(j) = 10*j**2 - 47*j - 233. List the prime factors of p(-10).
1237
Suppose 45 + 81 = -7*x. Let h = x + 22. Let i = h - -3. What are the prime factors of i?
7
Let m(b) = -b**2 - 10*b - 5. Let i be m(-9). Suppose 2*d - i - 4 = 0. Suppose 3*n - d*n + 2*h + 20 = 0, -3*n - 5*h = -38. What are the prime factors of n?
2
Let w(h) = 194*h**3 + 5*h**2 + 5*h + 9. Let g(l) = -97*l**3 - 3*l**2 - 3*l - 5. Let o(q) = -7*g(q) - 4*w(q). List the prime factors of o(-1).
2, 3
Let d(h) = -h**3 - 5*h**2 - 8*h - 15. Suppose 2*m + 35 = -3*m. What are the prime factors of d(m)?
139
Suppose 0 = 11*z + 1518 - 5654. List the prime factors of z.
2, 47
Let n(u) = -u - 10. Let f(o) = -5*o + 10. Let y be f(4). Let i be n(y). Suppose 3*x + 2*v = -i*x + 78, -52 = -2*x + v. What are the prime factors of x?
2, 13
Let g(a) be the third derivative of a**4/2 - 2*a**3/3 - 34*a**2. Suppose 8 = 3*r - 4. What are the prime factors of g(r)?
2, 11
Let g(v) = -11*v - 44. Let l = -12 + -2. List the prime factors of g(l).
2, 5, 11
List the prime factors of 807/2 + (-7)/(-2).
11, 37
Suppose 6 + 9 = 5*z. Suppose -2*s - z*r + 0*r + 125 = 0, -2*r - 120 = -2*s. What are the prime factors of s?
61
Suppose -41 = p + 3*j, -3*p + 2*p + j - 41 = 0. Suppose 21 - 4 = -s. Let g = s - p. What are the prime factors of g?
2, 3
Let w = -61 - -27. Let m = w + 94. What are the prime factors of m?
2, 3, 5
Suppose 0 = -3*d + 6, 0 = -5*w - d + 2152 + 7720. List the prime factors of w.
2, 3, 7, 47
Suppose -438 - 210 = -2*t. Let j be (24/(-9))/((-4)/6). Suppose -t + 128 = -j*m. List the prime factors of m.
7
Let 